{"id":5065,"date":"2024-10-30T14:18:05","date_gmt":"2024-10-30T12:18:05","guid":{"rendered":"https:\/\/haus-schulenburg-gera.de\/museum-geleidingssysteem\/henry-van-de-velde-1863-1957\/"},"modified":"2024-11-20T15:16:57","modified_gmt":"2024-11-20T13:16:57","slug":"henry-van-de-velde-1863-1957","status":"publish","type":"page","link":"https:\/\/haus-schulenburg-gera.de\/nl\/museum-geleidingssysteem\/henry-van-de-velde-1863-1957\/","title":{"rendered":"Henry van de Velde 1863 &#8211; 1957"},"content":{"rendered":"<p>[et_pb_section fb_built=&#8221;1&#8243; custom_padding_last_edited=&#8221;on|phone&#8221; _builder_version=&#8221;4.24.0&#8243; _module_preset=&#8221;default&#8221; custom_padding_tablet=&#8221;&#8221; custom_padding_phone=&#8221;0px||||false|false&#8221; global_colors_info=&#8221;{}&#8221;][et_pb_row _builder_version=&#8221;4.24.0&#8243; _module_preset=&#8221;default&#8221; max_width=&#8221;650px&#8221; custom_padding=&#8221;||||false|false&#8221; global_colors_info=&#8221;{}&#8221;][et_pb_column type=&#8221;4_4&#8243; _builder_version=&#8221;4.24.0&#8243; _module_preset=&#8221;default&#8221; global_colors_info=&#8221;{}&#8221;][et_pb_heading title=&#8221;Henry van de Velde &#8211; Schilder, architect, ontwerper en kunsthervormer&#8221; _builder_version=&#8221;4.24.0&#8243; _module_preset=&#8221;default&#8221; global_colors_info=&#8221;{}&#8221;][\/et_pb_heading][et_pb_code _builder_version=&#8221;4.24.0&#8243; _module_preset=&#8221;default&#8221; global_colors_info=&#8221;{}&#8221;][gspeech type=&#8221;button&#8221;][\/et_pb_code][et_pb_image src=&#8221;https:\/\/haus-schulenburg-gera.de\/wp-content\/uploads\/2024\/10\/Sprachhinweis3.png&#8221; title_text=&#8221;Taal&#8221; _builder_version=&#8221;4.24.0&#8243; _module_preset=&#8221;default&#8221; global_colors_info=&#8221;{}&#8221;][\/et_pb_image][et_pb_text _builder_version=&#8221;4.27.3&#8243; _module_preset=&#8221;default&#8221; header_font_size=&#8221;26px&#8221; hover_enabled=&#8221;0&#8243; global_colors_info=&#8221;{}&#8221; sticky_enabled=&#8221;0&#8243;]<\/p>\n<p>Henry van de Velde werd op 3 april 1863 in Antwerpen geboren als zesde kind van een apothekersfamilie. Hij studeerde schilderkunst in Antwerpen en Parijs van 1881 tot 1885, waar hij in contact kwam met de impressionisten. Hij keerde terug naar Belgi\u00eb in 1885 en wendde zich tot het neo-impressionisme vanaf 1888. Vanaf 1890 raakte hij betrokken bij de Arts and Crafts beweging in Engeland en stapte in 1892 over van schilderen naar toegepaste kunst.  <\/p>\n<p>[\/et_pb_text][et_pb_button button_url=&#8221;#&#8221; button_text=&#8221;Meer lezen&#8221; module_class=&#8221;readMoreButton&#8221; _builder_version=&#8221;4.24.0&#8243; _module_preset=&#8221;default&#8221; global_colors_info=&#8221;{}&#8221;][\/et_pb_button][et_pb_text module_class=&#8221;readMoreContent&#8221; _builder_version=&#8221;4.24.0&#8243; _module_preset=&#8221;default&#8221; global_colors_info=&#8221;{}&#8221;]<\/p>\n<p>In 1894 trouwde hij met Maria S\u00e8the en in 1895 ontwierp hij zijn eerste woon- en interieurontwerpen. In 1896 ontwierp hij zes interieurs voor Samuel Bing&#8217;s Galerie L&#8217;Art Nouveau in Parijs, in 1897 nam hij deel aan de Internationale Kunsttentoonstelling in Dresden met zijn eigen ontwerpen en in 1898 richtte hij zijn eigen meubelbedrijf op in Brussel en in 1899 in Berlijn. Hij verhuisde in 1900 met zijn gezin naar Berlijn en kwam in 1902 in opdracht van de groothertog naar Weimar. Hier werkte hij als architect en artistiek adviseur voor de kunstnijverheidssector en richtte hij het kunstnijverheidsseminarie op, dat vanaf 1906 werd voortgezet als Kunstnijverheidsschool en in 1915 werd gesloten. In 1917, tijdens de Eerste Wereldoorlog, werd hij gedwongen Duitsland te verlaten als ongewenste vreemdeling en verhuisde hij naar Zwitserland. Van 1919-26 werkte Henry van de Velde als architect en ontwerper voor het verzamelaarsechtpaar Kr\u00f6ller-M\u00fcller in Nederland, voordat hij in 1926 het &#8220;Belgische Bauhaus&#8221; La Cambre in Brussel oprichtte. In 1933 ontwierp hij passagiersschepen en treinwagons, onder andere voor de Belgische Staatsspoorwegen. In 1936 werd begonnen met de bouw van de Universiteitsbibliotheek van Gent en in 1937 met de bouw van het Kr\u00f6ller-M\u00fcller Museum in Otterlo, gebaseerd op ontwerpen van de Velde. In 1937 werd het Belgisch Paviljoen op de Wereldtentoonstelling in Parijs en in 1939 op de Wereldtentoonstelling in New York volgens zijn plannen gebouwd. In 1947 verhuisde hij terug naar Zwitserland, van waaruit hij in 1954 toezag op de voltooiing van het Kr\u00f6ller-M\u00fcller Museum. Henry van de Velde overleed in Ober\u00e4geri op 25 oktober 1957, twee dagen na het voltooien van zijn memoires.          <\/p>\n<p>[\/et_pb_text][et_pb_button button_url=&#8221;#&#8221; button_text=&#8221;Minder lezen&#8221; module_class=&#8221;readLessButton&#8221; _builder_version=&#8221;4.24.0&#8243; _module_preset=&#8221;default&#8221; global_colors_info=&#8221;{}&#8221;][\/et_pb_button][\/et_pb_column][\/et_pb_row][et_pb_row custom_padding_last_edited=&#8221;on|desktop&#8221; _builder_version=&#8221;4.24.0&#8243; _module_preset=&#8221;default&#8221; width_tablet=&#8221;&#8221; width_phone=&#8221;90%&#8221; width_last_edited=&#8221;on|phone&#8221; custom_padding=&#8221;0px||0px||false|false&#8221; custom_padding_tablet=&#8221;0px||0px||false|false&#8221; custom_padding_phone=&#8221;0px||0px||false|false&#8221; locked=&#8221;off&#8221; global_colors_info=&#8221;{}&#8221;][et_pb_column type=&#8221;4_4&#8243; _builder_version=&#8221;4.24.0&#8243; _module_preset=&#8221;default&#8221; global_colors_info=&#8221;{}&#8221;][et_pb_code admin_label=&#8221;Code&#8221; _builder_version=&#8221;4.24.0&#8243; _module_preset=&#8221;default&#8221; hover_enabled=&#8221;0&#8243; global_colors_info=&#8221;{}&#8221; sticky_enabled=&#8221;0&#8243;] <!-- [et_pb_line_break_holder] -->[\/et_pb_code][\/et_pb_column][\/et_pb_row][\/et_pb_section]<\/p>\n<div class=\"gsp_post_data\" \r\n\t            data-post_type=\"page\" \r\n\t            data-cat=\"\" \r\n\t            data-modified=\"120\"\r\n\t            data-created=\"1730297885\"\r\n\t            data-title=\"Henry van de Velde 1863 &#8211; 1957\" \r\n\t            data-home=\"https:\/\/haus-schulenburg-gera.de\/nl\/\"><\/div>","protected":false},"excerpt":{"rendered":"<p>[gspeech type=&#8221;button&#8221;]Henry van de Velde werd op 3 april 1863 in Antwerpen geboren als zesde kind van een apothekersfamilie. Hij studeerde schilderkunst in Antwerpen en Parijs van 1881 tot 1885, waar hij in contact kwam met de impressionisten. Hij keerde terug naar Belgi\u00eb in 1885 en wendde zich tot het neo-impressionisme vanaf 1888. Vanaf 1890 [&hellip;]<\/p>\n","protected":false},"author":1,"featured_media":0,"parent":3589,"menu_order":0,"comment_status":"closed","ping_status":"closed","template":"","meta":{"_et_pb_use_builder":"on","_et_pb_old_content":"","_et_gb_content_width":"","footnotes":""},"class_list":["post-5065","page","type-page","status-publish","hentry"],"_links":{"self":[{"href":"https:\/\/haus-schulenburg-gera.de\/nl\/wp-json\/wp\/v2\/pages\/5065","targetHints":{"allow":["GET"]}}],"collection":[{"href":"https:\/\/haus-schulenburg-gera.de\/nl\/wp-json\/wp\/v2\/pages"}],"about":[{"href":"https:\/\/haus-schulenburg-gera.de\/nl\/wp-json\/wp\/v2\/types\/page"}],"author":[{"embeddable":true,"href":"https:\/\/haus-schulenburg-gera.de\/nl\/wp-json\/wp\/v2\/users\/1"}],"replies":[{"embeddable":true,"href":"https:\/\/haus-schulenburg-gera.de\/nl\/wp-json\/wp\/v2\/comments?post=5065"}],"version-history":[{"count":4,"href":"https:\/\/haus-schulenburg-gera.de\/nl\/wp-json\/wp\/v2\/pages\/5065\/revisions"}],"predecessor-version":[{"id":5181,"href":"https:\/\/haus-schulenburg-gera.de\/nl\/wp-json\/wp\/v2\/pages\/5065\/revisions\/5181"}],"up":[{"embeddable":true,"href":"https:\/\/haus-schulenburg-gera.de\/nl\/wp-json\/wp\/v2\/pages\/3589"}],"wp:attachment":[{"href":"https:\/\/haus-schulenburg-gera.de\/nl\/wp-json\/wp\/v2\/media?parent=5065"}],"curies":[{"name":"wp","href":"https:\/\/api.w.org\/{rel}","templated":true}]}}

<p>[et_pb_section fb_built=&#8221;1&#8243; custom_padding_last_edited=&#8221;on|phone&#8221; _builder_version=&#8221;4.24.0&#8243; _module_preset=&#8221;default&#8221; custom_padding_tablet=&#8221;&#8221; custom_padding_phone=&#8221;0px||||false|false&#8221; global_colors_info=&#8221;{}&#8221;][et_pb_row _builder_version=&#8221;4.24.0&#8243; _module_preset=&#8221;default&#8221; max_width=&#8221;650px&#8221; custom_padding=&#8221;||||false|false&#8221; global_colors_info=&#8221;{}&#8221;][et_pb_column type=&#8221;4_4&#8243; _builder_version=&#8221;4.24.0&#8243; _module_preset=&#8221;default&#8221; global_colors_info=&#8221;{}&#8221;][et_pb_heading title=&#8221;Henry van de Velde &#8211; Schilder, architect, ontwerper en kunsthervormer&#8221; _builder_version=&#8221;4.24.0&#8243; _module_preset=&#8221;default&#8221; global_colors_info=&#8221;{}&#8221;][/et_pb_heading][et_pb_code _builder_version=&#8221;4.24.0&#8243; _module_preset=&#8221;default&#8221; global_colors_info=&#8221;{}&#8221;][gspeech type=&#8221;button&#8221;][/et_pb_code][et_pb_image src=&#8221;https://haus-schulenburg-gera.de/wp-content/uploads/2024/10/Sprachhinweis3.png&#8221; title_text=&#8221;Taal&#8221; _builder_version=&#8221;4.24.0&#8243; _module_preset=&#8221;default&#8221; global_colors_info=&#8221;{}&#8221;][/et_pb_image][et_pb_text _builder_version=&#8221;4.27.3&#8243; _module_preset=&#8221;default&#8221; header_font_size=&#8221;26px&#8221; hover_enabled=&#8221;0&#8243; global_colors_info=&#8221;{}&#8221; sticky_enabled=&#8221;0&#8243;]</p>
<p>Henry van de Velde werd op 3 april 1863 in Antwerpen geboren als zesde kind van een apothekersfamilie. Hij studeerde schilderkunst in Antwerpen en Parijs van 1881 tot 1885, waar hij in contact kwam met de impressionisten. Hij keerde terug naar België in 1885 en wendde zich tot het neo-impressionisme vanaf 1888. Vanaf 1890 raakte hij betrokken bij de Arts and Crafts beweging in Engeland en stapte in 1892 over van schilderen naar toegepaste kunst.  </p>
<p>[/et_pb_text][et_pb_button button_url=&#8221;#&#8221; button_text=&#8221;Meer lezen&#8221; module_class=&#8221;readMoreButton&#8221; _builder_version=&#8221;4.24.0&#8243; _module_preset=&#8221;default&#8221; global_colors_info=&#8221;{}&#8221;][/et_pb_button][et_pb_text module_class=&#8221;readMoreContent&#8221; _builder_version=&#8221;4.24.0&#8243; _module_preset=&#8221;default&#8221; global_colors_info=&#8221;{}&#8221;]</p>
<p>In 1894 trouwde hij met Maria Sèthe en in 1895 ontwierp hij zijn eerste woon- en interieurontwerpen. In 1896 ontwierp hij zes interieurs voor Samuel Bing&#8217;s Galerie L&#8217;Art Nouveau in Parijs, in 1897 nam hij deel aan de Internationale Kunsttentoonstelling in Dresden met zijn eigen ontwerpen en in 1898 richtte hij zijn eigen meubelbedrijf op in Brussel en in 1899 in Berlijn. Hij verhuisde in 1900 met zijn gezin naar Berlijn en kwam in 1902 in opdracht van de groothertog naar Weimar. Hier werkte hij als architect en artistiek adviseur voor de kunstnijverheidssector en richtte hij het kunstnijverheidsseminarie op, dat vanaf 1906 werd voortgezet als Kunstnijverheidsschool en in 1915 werd gesloten. In 1917, tijdens de Eerste Wereldoorlog, werd hij gedwongen Duitsland te verlaten als ongewenste vreemdeling en verhuisde hij naar Zwitserland. Van 1919-26 werkte Henry van de Velde als architect en ontwerper voor het verzamelaarsechtpaar Kröller-Müller in Nederland, voordat hij in 1926 het &#8220;Belgische Bauhaus&#8221; La Cambre in Brussel oprichtte. In 1933 ontwierp hij passagiersschepen en treinwagons, onder andere voor de Belgische Staatsspoorwegen. In 1936 werd begonnen met de bouw van de Universiteitsbibliotheek van Gent en in 1937 met de bouw van het Kröller-Müller Museum in Otterlo, gebaseerd op ontwerpen van de Velde. In 1937 werd het Belgisch Paviljoen op de Wereldtentoonstelling in Parijs en in 1939 op de Wereldtentoonstelling in New York volgens zijn plannen gebouwd. In 1947 verhuisde hij terug naar Zwitserland, van waaruit hij in 1954 toezag op de voltooiing van het Kröller-Müller Museum. Henry van de Velde overleed in Oberägeri op 25 oktober 1957, twee dagen na het voltooien van zijn memoires.          </p>
<p>[/et_pb_text][et_pb_button button_url=&#8221;#&#8221; button_text=&#8221;Minder lezen&#8221; module_class=&#8221;readLessButton&#8221; _builder_version=&#8221;4.24.0&#8243; _module_preset=&#8221;default&#8221; global_colors_info=&#8221;{}&#8221;][/et_pb_button][/et_pb_column][/et_pb_row][et_pb_row custom_padding_last_edited=&#8221;on|desktop&#8221; _builder_version=&#8221;4.24.0&#8243; _module_preset=&#8221;default&#8221; width_tablet=&#8221;&#8221; width_phone=&#8221;90%&#8221; width_last_edited=&#8221;on|phone&#8221; custom_padding=&#8221;0px||0px||false|false&#8221; custom_padding_tablet=&#8221;0px||0px||false|false&#8221; custom_padding_phone=&#8221;0px||0px||false|false&#8221; locked=&#8221;off&#8221; global_colors_info=&#8221;{}&#8221;][et_pb_column type=&#8221;4_4&#8243; _builder_version=&#8221;4.24.0&#8243; _module_preset=&#8221;default&#8221; global_colors_info=&#8221;{}&#8221;][et_pb_code admin_label=&#8221;Code&#8221; _builder_version=&#8221;4.24.0&#8243; _module_preset=&#8221;default&#8221; hover_enabled=&#8221;0&#8243; global_colors_info=&#8221;{}&#8221; sticky_enabled=&#8221;0&#8243;] <!-- [et_pb_line_break_holder] -->[/et_pb_code][/et_pb_column][/et_pb_row][/et_pb_section]</p>
<div class="gsp_post_data" 
	            data-post_type="page" 
	            data-cat="" 
	            data-modified="120"
	            data-created="1730297885"
	            data-title="Henry van de Velde 1863 &#8211; 1957" 
	            data-home="https://haus-schulenburg-gera.de/nl/"></div>

<p>[gspeech type=&#8221;button&#8221;]Henry van de Velde werd op 3 april 1863 in Antwerpen geboren als zesde kind van een apothekersfamilie. Hij studeerde schilderkunst in Antwerpen en Parijs van 1881 tot 1885, waar hij in contact kwam met de impressionisten. Hij keerde terug naar België in 1885 en wendde zich tot het neo-impressionisme vanaf 1888. Vanaf 1890 [&hellip;]</p>
