{"id":5294,"date":"2024-10-30T14:18:05","date_gmt":"2024-10-30T12:18:05","guid":{"rendered":"https:\/\/haus-schulenburg-gera.de\/guide-du-musee\/henry-van-de-velde-1863-1957\/"},"modified":"2024-11-21T09:56:41","modified_gmt":"2024-11-21T07:56:41","slug":"henry-van-de-velde-1863-1957","status":"publish","type":"page","link":"https:\/\/haus-schulenburg-gera.de\/fr\/guide-du-musee\/henry-van-de-velde-1863-1957\/","title":{"rendered":"Henry van de Velde 1863 &#8211; 1957"},"content":{"rendered":"<p>[et_pb_section fb_built=\u00a0\u00bb1&Prime; custom_padding_last_edited=\u00a0\u00bbon|phone\u00a0\u00bb _builder_version=\u00a0\u00bb4.24.0&Prime; _module_preset=\u00a0\u00bbdefault\u00a0\u00bb custom_padding_tablet=\u00a0\u00bb\u00a0\u00bb custom_padding_phone=\u00a0\u00bb0px||||false|false\u00a0\u00bb global_colors_info=\u00a0\u00bb{}\u00a0\u00bb][et_pb_row _builder_version=\u00a0\u00bb4.24.0&Prime; _module_preset=\u00a0\u00bbdefault\u00a0\u00bb max_width=\u00a0\u00bb650px\u00a0\u00bb custom_padding=\u00a0\u00bb||||false|false\u00a0\u00bb global_colors_info=\u00a0\u00bb{}\u00a0\u00bb][et_pb_column type=\u00a0\u00bb4_4&Prime; _builder_version=\u00a0\u00bb4.24.0&Prime; _module_preset=\u00a0\u00bbdefault\u00a0\u00bb global_colors_info=\u00a0\u00bb{}\u00a0\u00bb][et_pb_heading title=\u00a0\u00bbHenry van de Velde &#8211; Peintre, architecte, designer et r\u00e9formateur de l&#039;art\u00a0\u00bb _builder_version=\u00a0\u00bb4.24.0&Prime; _module_preset=\u00a0\u00bbdefault\u00a0\u00bb global_colors_info=\u00a0\u00bb{}\u00a0\u00bb][\/et_pb_heading][et_pb_code _builder_version=\u00a0\u00bb4.24.0&Prime; _module_preset=\u00a0\u00bbdefault\u00a0\u00bb global_colors_info=\u00a0\u00bb{}\u00a0\u00bb][gspeech type=\u00a0\u00bbbutton\u00a0\u00bb][\/et_pb_code][et_pb_image src=\u00a0\u00bbhttps:\/\/haus-schulenburg-gera.de\/wp-content\/uploads\/2024\/10\/Sprachhinweis3.png\u00a0\u00bb title_text=\u00a0\u00bbRemarque sur le commutateur de langue\u00a0\u00bb _builder_version=\u00a0\u00bb4.24.0&Prime; _module_preset=\u00a0\u00bbdefault\u00a0\u00bb global_colors_info=\u00a0\u00bb{}\u00a0\u00bb][\/et_pb_image][et_pb_text _builder_version=\u00a0\u00bb4.27.3&Prime; _module_preset=\u00a0\u00bbdefault\u00a0\u00bb header_font_size=\u00a0\u00bb26px\u00a0\u00bb hover_enabled=\u00a0\u00bb0&Prime; global_colors_info=\u00a0\u00bb{}\u00a0\u00bb sticky_enabled=\u00a0\u00bb0&Prime;]<\/p>\n<p>Henry van de Velde est n\u00e9 le 3 avril 1863 \u00e0 Anvers, sixi\u00e8me enfant d&rsquo;une famille de pharmaciens. Il \u00e9tudie la peinture de 1881 \u00e0 85 \u00e0 Anvers et \u00e0 Paris, o\u00f9 il est en contact avec les impressionnistes. Il rentre en Belgique en 1885 et se tourne vers le n\u00e9o-impressionnisme \u00e0 partir de 1888. \u00c0 partir de 1890, il s&rsquo;int\u00e9resse au mouvement Arts and Crafts en Angleterre et passe de la peinture aux arts d\u00e9coratifs en 1892.  <\/p>\n<p>[\/et_pb_text][et_pb_button button_url=\u00a0\u00bb#\u00a0\u00bb button_text=\u00a0\u00bbLire plus\u00a0\u00bb module_class=\u00a0\u00bbreadMoreButton\u00a0\u00bb _builder_version=\u00a0\u00bb4.24.0&Prime; _module_preset=\u00a0\u00bbdefault\u00a0\u00bb global_colors_info=\u00a0\u00bb{}\u00a0\u00bb][\/et_pb_button][et_pb_text module_class=\u00a0\u00bbreadMoreContent\u00a0\u00bb _builder_version=\u00a0\u00bb4.24.0&Prime; _module_preset=\u00a0\u00bbdefault\u00a0\u00bb global_colors_info=\u00a0\u00bb{}\u00a0\u00bb]<\/p>\n<p>En 1894, il \u00e9pouse Maria S\u00e8the et cr\u00e9e en 1895 ses premiers projets d&rsquo;habitations et d&rsquo;am\u00e9nagements. En 1896, il con\u00e7oit d\u00e9j\u00e0 six int\u00e9rieurs pour la galerie L&rsquo;Art Nouveau de Samuel Bing \u00e0 Paris, en 1897, il participe \u00e0 l&rsquo;exposition internationale d&rsquo;art de Dresde avec ses propres cr\u00e9ations et fonde sa propre entreprise de meubles \u00e0 Bruxelles en 1898 et \u00e0 Berlin en 1899. En 1900, il s&rsquo;installa avec sa famille \u00e0 Berlin et vint en 1902 \u00e0 Weimar sur ordre du grand-duc. Il y travailla comme architecte et conseiller artistique pour l&rsquo;artisanat d&rsquo;art et fonda le s\u00e9minaire des arts appliqu\u00e9s, qui continua \u00e0 partir de 1906 sous le nom d&rsquo;\u00e9cole des arts appliqu\u00e9s et fut ferm\u00e9 en 1915. En 1917, pendant la Premi\u00e8re Guerre mondiale, il dut quitter l&rsquo;Allemagne en tant qu&rsquo;\u00e9tranger ind\u00e9sirable et s&rsquo;installa en Suisse. De 1919 \u00e0 1926, Henry van de Velde a travaill\u00e9 comme architecte et designer pour le couple de collectionneurs et de m\u00e9c\u00e8nes Kr\u00f6ller-M\u00fcller en Hollande, avant de fonder en 1926 le \u00ab\u00a0Bauhaus belge\u00a0\u00bb La Cambre \u00e0 Bruxelles. En 1933, il cr\u00e9e des projets pour des paquebots et des wagons de chemin de fer, notamment pour les chemins de fer de l&rsquo;\u00c9tat belge. En 1936, la construction de la biblioth\u00e8que universitaire de Gand et, en 1937, celle du mus\u00e9e Kr\u00f6ller-M\u00fcller d&rsquo;Otterlo d\u00e9butent sur la base de projets de van de Velde. En 1937, le pavillon belge de l&rsquo;exposition universelle de Paris et, en 1939, celui de l&rsquo;exposition universelle de New York ont \u00e9t\u00e9 construits selon ses plans. En 1947, il s&rsquo;installa \u00e0 nouveau en Suisse, d&rsquo;o\u00f9 il dirigea l&rsquo;ach\u00e8vement du mus\u00e9e Kr\u00f6ller-M\u00fcller en 1954. Le 25 octobre 1957, Henry van de Velde d\u00e9c\u00e8de \u00e0 Ober\u00e4geri, deux jours apr\u00e8s avoir termin\u00e9 ses m\u00e9moires.          <\/p>\n<p>[\/et_pb_text][et_pb_button button_url=\u00a0\u00bb#\u00a0\u00bb button_text=\u00a0\u00bbLire moins\u00a0\u00bb module_class=\u00a0\u00bbreadLessButton\u00a0\u00bb _builder_version=\u00a0\u00bb4.24.0&Prime; _module_preset=\u00a0\u00bbdefault\u00a0\u00bb global_colors_info=\u00a0\u00bb{}\u00a0\u00bb][\/et_pb_button][\/et_pb_column][\/et_pb_row][et_pb_row custom_padding_last_edited=\u00a0\u00bbon|desktop\u00a0\u00bb _builder_version=\u00a0\u00bb4.24.0&Prime; _module_preset=\u00a0\u00bbdefault\u00a0\u00bb width_tablet=\u00a0\u00bb\u00a0\u00bb width_phone=\u00a0\u00bb90%\u00a0\u00bb width_last_edited=\u00a0\u00bbon|phone\u00a0\u00bb custom_padding=\u00a0\u00bb0px||0px||false|false\u00a0\u00bb custom_padding_tablet=\u00a0\u00bb0px||0px||false|false\u00a0\u00bb custom_padding_phone=\u00a0\u00bb0px||0px||false|false\u00a0\u00bb locked=\u00a0\u00bboff\u00a0\u00bb global_colors_info=\u00a0\u00bb{}\u00a0\u00bb][et_pb_column type=\u00a0\u00bb4_4&Prime; _builder_version=\u00a0\u00bb4.24.0&Prime; _module_preset=\u00a0\u00bbdefault\u00a0\u00bb global_colors_info=\u00a0\u00bb{}\u00a0\u00bb][et_pb_code admin_label=\u00a0\u00bbCode\u00a0\u00bb _builder_version=\u00a0\u00bb4.24.0&Prime; _module_preset=\u00a0\u00bbdefault\u00a0\u00bb hover_enabled=\u00a0\u00bb0&Prime; global_colors_info=\u00a0\u00bb{}\u00a0\u00bb sticky_enabled=\u00a0\u00bb0&Prime;] <!-- [et_pb_line_break_holder] -->[\/et_pb_code][\/et_pb_column][\/et_pb_row][\/et_pb_section]<\/p>\n<div class=\"gsp_post_data\" \r\n\t            data-post_type=\"page\" \r\n\t            data-cat=\"\" \r\n\t            data-modified=\"120\"\r\n\t            data-created=\"1730297885\"\r\n\t            data-title=\"Henry van de Velde 1863 &#8211; 1957\" \r\n\t            data-home=\"https:\/\/haus-schulenburg-gera.de\/fr\/\"><\/div>","protected":false},"excerpt":{"rendered":"<p>[gspeech type=\u00a0\u00bbbutton\u00a0\u00bb]Henry van de Velde est n\u00e9 le 3 avril 1863 \u00e0 Anvers, sixi\u00e8me enfant d&rsquo;une famille de pharmaciens. Il \u00e9tudie la peinture de 1881 \u00e0 85 \u00e0 Anvers et \u00e0 Paris, o\u00f9 il est en contact avec les impressionnistes. Il rentre en Belgique en 1885 et se tourne vers le n\u00e9o-impressionnisme \u00e0 partir de [&hellip;]<\/p>\n","protected":false},"author":1,"featured_media":0,"parent":3590,"menu_order":0,"comment_status":"closed","ping_status":"closed","template":"","meta":{"_et_pb_use_builder":"on","_et_pb_old_content":"","_et_gb_content_width":"","footnotes":""},"class_list":["post-5294","page","type-page","status-publish","hentry"],"_links":{"self":[{"href":"https:\/\/haus-schulenburg-gera.de\/fr\/wp-json\/wp\/v2\/pages\/5294","targetHints":{"allow":["GET"]}}],"collection":[{"href":"https:\/\/haus-schulenburg-gera.de\/fr\/wp-json\/wp\/v2\/pages"}],"about":[{"href":"https:\/\/haus-schulenburg-gera.de\/fr\/wp-json\/wp\/v2\/types\/page"}],"author":[{"embeddable":true,"href":"https:\/\/haus-schulenburg-gera.de\/fr\/wp-json\/wp\/v2\/users\/1"}],"replies":[{"embeddable":true,"href":"https:\/\/haus-schulenburg-gera.de\/fr\/wp-json\/wp\/v2\/comments?post=5294"}],"version-history":[{"count":2,"href":"https:\/\/haus-schulenburg-gera.de\/fr\/wp-json\/wp\/v2\/pages\/5294\/revisions"}],"predecessor-version":[{"id":5296,"href":"https:\/\/haus-schulenburg-gera.de\/fr\/wp-json\/wp\/v2\/pages\/5294\/revisions\/5296"}],"up":[{"embeddable":true,"href":"https:\/\/haus-schulenburg-gera.de\/fr\/wp-json\/wp\/v2\/pages\/3590"}],"wp:attachment":[{"href":"https:\/\/haus-schulenburg-gera.de\/fr\/wp-json\/wp\/v2\/media?parent=5294"}],"curies":[{"name":"wp","href":"https:\/\/api.w.org\/{rel}","templated":true}]}}

<p>[et_pb_section fb_built= »1&Prime; custom_padding_last_edited= »on|phone » _builder_version= »4.24.0&Prime; _module_preset= »default » custom_padding_tablet= » » custom_padding_phone= »0px||||false|false » global_colors_info= »{} »][et_pb_row _builder_version= »4.24.0&Prime; _module_preset= »default » max_width= »650px » custom_padding= »||||false|false » global_colors_info= »{} »][et_pb_column type= »4_4&Prime; _builder_version= »4.24.0&Prime; _module_preset= »default » global_colors_info= »{} »][et_pb_heading title= »Henry van de Velde &#8211; Peintre, architecte, designer et réformateur de l&#039;art » _builder_version= »4.24.0&Prime; _module_preset= »default » global_colors_info= »{} »][/et_pb_heading][et_pb_code _builder_version= »4.24.0&Prime; _module_preset= »default » global_colors_info= »{} »][gspeech type= »button »][/et_pb_code][et_pb_image src= »https://haus-schulenburg-gera.de/wp-content/uploads/2024/10/Sprachhinweis3.png » title_text= »Remarque sur le commutateur de langue » _builder_version= »4.24.0&Prime; _module_preset= »default » global_colors_info= »{} »][/et_pb_image][et_pb_text _builder_version= »4.27.3&Prime; _module_preset= »default » header_font_size= »26px » hover_enabled= »0&Prime; global_colors_info= »{} » sticky_enabled= »0&Prime;]</p>
<p>Henry van de Velde est né le 3 avril 1863 à Anvers, sixième enfant d&rsquo;une famille de pharmaciens. Il étudie la peinture de 1881 à 85 à Anvers et à Paris, où il est en contact avec les impressionnistes. Il rentre en Belgique en 1885 et se tourne vers le néo-impressionnisme à partir de 1888. À partir de 1890, il s&rsquo;intéresse au mouvement Arts and Crafts en Angleterre et passe de la peinture aux arts décoratifs en 1892.  </p>
<p>[/et_pb_text][et_pb_button button_url= »# » button_text= »Lire plus » module_class= »readMoreButton » _builder_version= »4.24.0&Prime; _module_preset= »default » global_colors_info= »{} »][/et_pb_button][et_pb_text module_class= »readMoreContent » _builder_version= »4.24.0&Prime; _module_preset= »default » global_colors_info= »{} »]</p>
<p>En 1894, il épouse Maria Sèthe et crée en 1895 ses premiers projets d&rsquo;habitations et d&rsquo;aménagements. En 1896, il conçoit déjà six intérieurs pour la galerie L&rsquo;Art Nouveau de Samuel Bing à Paris, en 1897, il participe à l&rsquo;exposition internationale d&rsquo;art de Dresde avec ses propres créations et fonde sa propre entreprise de meubles à Bruxelles en 1898 et à Berlin en 1899. En 1900, il s&rsquo;installa avec sa famille à Berlin et vint en 1902 à Weimar sur ordre du grand-duc. Il y travailla comme architecte et conseiller artistique pour l&rsquo;artisanat d&rsquo;art et fonda le séminaire des arts appliqués, qui continua à partir de 1906 sous le nom d&rsquo;école des arts appliqués et fut fermé en 1915. En 1917, pendant la Première Guerre mondiale, il dut quitter l&rsquo;Allemagne en tant qu&rsquo;étranger indésirable et s&rsquo;installa en Suisse. De 1919 à 1926, Henry van de Velde a travaillé comme architecte et designer pour le couple de collectionneurs et de mécènes Kröller-Müller en Hollande, avant de fonder en 1926 le « Bauhaus belge » La Cambre à Bruxelles. En 1933, il crée des projets pour des paquebots et des wagons de chemin de fer, notamment pour les chemins de fer de l&rsquo;État belge. En 1936, la construction de la bibliothèque universitaire de Gand et, en 1937, celle du musée Kröller-Müller d&rsquo;Otterlo débutent sur la base de projets de van de Velde. En 1937, le pavillon belge de l&rsquo;exposition universelle de Paris et, en 1939, celui de l&rsquo;exposition universelle de New York ont été construits selon ses plans. En 1947, il s&rsquo;installa à nouveau en Suisse, d&rsquo;où il dirigea l&rsquo;achèvement du musée Kröller-Müller en 1954. Le 25 octobre 1957, Henry van de Velde décède à Oberägeri, deux jours après avoir terminé ses mémoires.          </p>
<p>[/et_pb_text][et_pb_button button_url= »# » button_text= »Lire moins » module_class= »readLessButton » _builder_version= »4.24.0&Prime; _module_preset= »default » global_colors_info= »{} »][/et_pb_button][/et_pb_column][/et_pb_row][et_pb_row custom_padding_last_edited= »on|desktop » _builder_version= »4.24.0&Prime; _module_preset= »default » width_tablet= » » width_phone= »90% » width_last_edited= »on|phone » custom_padding= »0px||0px||false|false » custom_padding_tablet= »0px||0px||false|false » custom_padding_phone= »0px||0px||false|false » locked= »off » global_colors_info= »{} »][et_pb_column type= »4_4&Prime; _builder_version= »4.24.0&Prime; _module_preset= »default » global_colors_info= »{} »][et_pb_code admin_label= »Code » _builder_version= »4.24.0&Prime; _module_preset= »default » hover_enabled= »0&Prime; global_colors_info= »{} » sticky_enabled= »0&Prime;] <!-- [et_pb_line_break_holder] -->[/et_pb_code][/et_pb_column][/et_pb_row][/et_pb_section]</p>
<div class="gsp_post_data" 
	            data-post_type="page" 
	            data-cat="" 
	            data-modified="120"
	            data-created="1730297885"
	            data-title="Henry van de Velde 1863 &#8211; 1957" 
	            data-home="https://haus-schulenburg-gera.de/fr/"></div>

<p>[gspeech type= »button »]Henry van de Velde est né le 3 avril 1863 à Anvers, sixième enfant d&rsquo;une famille de pharmaciens. Il étudie la peinture de 1881 à 85 à Anvers et à Paris, où il est en contact avec les impressionnistes. Il rentre en Belgique en 1885 et se tourne vers le néo-impressionnisme à partir de [&hellip;]</p>
