{"id":5230,"date":"2024-10-30T14:18:05","date_gmt":"2024-10-30T12:18:05","guid":{"rendered":"https:\/\/haus-schulenburg-gera.de\/museum-guide\/henry-van-de-velde-1863-1957\/"},"modified":"2024-11-21T08:49:50","modified_gmt":"2024-11-21T06:49:50","slug":"henry-van-de-velde-1863-1957","status":"publish","type":"page","link":"https:\/\/haus-schulenburg-gera.de\/en\/museum-guide\/henry-van-de-velde-1863-1957\/","title":{"rendered":"Henry van de Velde 1863 &#8211; 1957"},"content":{"rendered":"<p>[et_pb_section fb_built=&#8221;1&#8243; custom_padding_last_edited=&#8221;on|phone&#8221; _builder_version=&#8221;4.24.0&#8243; _module_preset=&#8221;default&#8221; custom_padding_tablet=&#8221;&#8221; custom_padding_phone=&#8221;0px||||false|false&#8221; global_colors_info=&#8221;{}&#8221;][et_pb_row _builder_version=&#8221;4.24.0&#8243; _module_preset=&#8221;default&#8221; max_width=&#8221;650px&#8221; custom_padding=&#8221;||||false|false&#8221; global_colors_info=&#8221;{}&#8221;][et_pb_column type=&#8221;4_4&#8243; _builder_version=&#8221;4.24.0&#8243; _module_preset=&#8221;default&#8221; global_colors_info=&#8221;{}&#8221;][et_pb_heading title=&#8221;Henry van de Velde &#8211; Painter, architect, designer and art reformer&#8221; _builder_version=&#8221;4.24.0&#8243; _module_preset=&#8221;default&#8221; global_colors_info=&#8221;{}&#8221;][\/et_pb_heading][et_pb_code _builder_version=&#8221;4.24.0&#8243; _module_preset=&#8221;default&#8221; global_colors_info=&#8221;{}&#8221;][gspeech type=&#8221;button&#8221;][\/et_pb_code][et_pb_image src=&#8221;https:\/\/haus-schulenburg-gera.de\/wp-content\/uploads\/2024\/10\/Sprachhinweis3.png&#8221; title_text=&#8221;Language note&#8221; _builder_version=&#8221;4.24.0&#8243; _module_preset=&#8221;default&#8221; global_colors_info=&#8221;{}&#8221;][\/et_pb_image][et_pb_text _builder_version=&#8221;4.27.3&#8243; _module_preset=&#8221;default&#8221; header_font_size=&#8221;26px&#8221; hover_enabled=&#8221;0&#8243; global_colors_info=&#8221;{}&#8221; sticky_enabled=&#8221;0&#8243;]<\/p>\n<p>Henry van de Velde was born in Antwerp on 3 April 1863, the sixth child of a family of pharmacists. He studied painting in Antwerp and Paris from 1881 to 1885, where he came into contact with the Impressionists. He returned to Belgium in 1885 and turned to Neo-Impressionism from 1888. From 1890, he became involved with the Arts and Crafts movement in England and switched from painting to applied arts in 1892.  <\/p>\n<p>[\/et_pb_text][et_pb_button button_url=&#8221;#&#8221; button_text=&#8221;Read More&#8221; module_class=&#8221;readMoreButton&#8221; _builder_version=&#8221;4.24.0&#8243; _module_preset=&#8221;default&#8221; global_colors_info=&#8221;{}&#8221;][\/et_pb_button][et_pb_text module_class=&#8221;readMoreContent&#8221; _builder_version=&#8221;4.24.0&#8243; _module_preset=&#8221;default&#8221; global_colors_info=&#8221;{}&#8221;]<\/p>\n<p>In 1894, he married Maria S\u00e8the and created his first house and interior designs in 1895. In 1896 he designed six interiors for Samuel Bing&#8217;s Galerie L&#8217;Art Nouveau in Paris, in 1897 he took part in the International Art Exhibition in Dresden with his own designs and founded his own furniture company in Brussels in 1898 and in Berlin in 1899. He moved to Berlin with his family in 1900 and came to Weimar in 1902 on behalf of the Grand Duke. Here he worked as an architect and artistic advisor to the arts and crafts sector and founded the arts and crafts seminar, which was continued as a school of arts and crafts from 1906 and closed in 1915. In 1917, during the First World War, he was forced to leave Germany as an undesirable foreigner and moved to Switzerland. From 1919-26, Henry van de Velde worked as an architect and designer for the collector and patron couple Kr\u00f6ller-M\u00fcller in Holland, before founding the &#8220;Belgian Bauhaus&#8221; La Cambre in Brussels in 1926. In 1933, he created designs for passenger ships and railway carriages, including for the Belgian State Railway. In 1936, construction began on the Ghent University Library and in 1937 on the Kr\u00f6ller-M\u00fcller Museum in Otterlo based on van de Velde&#8217;s designs. In 1937, the Belgian Pavilion at the World Exhibition in Paris and in 1939 at the World Exhibition in New York were built according to his plans. In 1947, he moved back to Switzerland, from where he oversaw the completion of the Kr\u00f6ller-M\u00fcller Museum in 1954. Henry van de Velde died in Ober\u00e4geri on 25 October 1957, two days after completing his memoirs.          <\/p>\n<p>[\/et_pb_text][et_pb_button button_url=&#8221;#&#8221; button_text=&#8221;Read less&#8221; module_class=&#8221;readLessButton&#8221; _builder_version=&#8221;4.24.0&#8243; _module_preset=&#8221;default&#8221; global_colors_info=&#8221;{}&#8221;][\/et_pb_button][\/et_pb_column][\/et_pb_row][et_pb_row custom_padding_last_edited=&#8221;on|desktop&#8221; _builder_version=&#8221;4.24.0&#8243; _module_preset=&#8221;default&#8221; width_tablet=&#8221;&#8221; width_phone=&#8221;90%&#8221; width_last_edited=&#8221;on|phone&#8221; custom_padding=&#8221;0px||0px||false|false&#8221; custom_padding_tablet=&#8221;0px||0px||false|false&#8221; custom_padding_phone=&#8221;0px||0px||false|false&#8221; locked=&#8221;off&#8221; global_colors_info=&#8221;{}&#8221;][et_pb_column type=&#8221;4_4&#8243; _builder_version=&#8221;4.24.0&#8243; _module_preset=&#8221;default&#8221; global_colors_info=&#8221;{}&#8221;][et_pb_code admin_label=&#8221;Code&#8221; _builder_version=&#8221;4.24.0&#8243; _module_preset=&#8221;default&#8221; hover_enabled=&#8221;0&#8243; global_colors_info=&#8221;{}&#8221; sticky_enabled=&#8221;0&#8243;] <!-- [et_pb_line_break_holder] -->[\/et_pb_code][\/et_pb_column][\/et_pb_row][\/et_pb_section]<\/p>\n<div class=\"gsp_post_data\" \r\n\t            data-post_type=\"page\" \r\n\t            data-cat=\"\" \r\n\t            data-modified=\"120\"\r\n\t            data-created=\"1730297885\"\r\n\t            data-title=\"Henry van de Velde 1863 &#8211; 1957\" \r\n\t            data-home=\"https:\/\/haus-schulenburg-gera.de\/en\/\"><\/div>","protected":false},"excerpt":{"rendered":"<p>[gspeech type=&#8221;button&#8221;]Henry van de Velde was born in Antwerp on 3 April 1863, the sixth child of a family of pharmacists. He studied painting in Antwerp and Paris from 1881 to 1885, where he came into contact with the Impressionists. He returned to Belgium in 1885 and turned to Neo-Impressionism from 1888. From 1890, he [&hellip;]<\/p>\n","protected":false},"author":1,"featured_media":0,"parent":3588,"menu_order":0,"comment_status":"closed","ping_status":"closed","template":"","meta":{"_et_pb_use_builder":"on","_et_pb_old_content":"","_et_gb_content_width":"","footnotes":""},"class_list":["post-5230","page","type-page","status-publish","hentry"],"_links":{"self":[{"href":"https:\/\/haus-schulenburg-gera.de\/en\/wp-json\/wp\/v2\/pages\/5230","targetHints":{"allow":["GET"]}}],"collection":[{"href":"https:\/\/haus-schulenburg-gera.de\/en\/wp-json\/wp\/v2\/pages"}],"about":[{"href":"https:\/\/haus-schulenburg-gera.de\/en\/wp-json\/wp\/v2\/types\/page"}],"author":[{"embeddable":true,"href":"https:\/\/haus-schulenburg-gera.de\/en\/wp-json\/wp\/v2\/users\/1"}],"replies":[{"embeddable":true,"href":"https:\/\/haus-schulenburg-gera.de\/en\/wp-json\/wp\/v2\/comments?post=5230"}],"version-history":[{"count":2,"href":"https:\/\/haus-schulenburg-gera.de\/en\/wp-json\/wp\/v2\/pages\/5230\/revisions"}],"predecessor-version":[{"id":5232,"href":"https:\/\/haus-schulenburg-gera.de\/en\/wp-json\/wp\/v2\/pages\/5230\/revisions\/5232"}],"up":[{"embeddable":true,"href":"https:\/\/haus-schulenburg-gera.de\/en\/wp-json\/wp\/v2\/pages\/3588"}],"wp:attachment":[{"href":"https:\/\/haus-schulenburg-gera.de\/en\/wp-json\/wp\/v2\/media?parent=5230"}],"curies":[{"name":"wp","href":"https:\/\/api.w.org\/{rel}","templated":true}]}}

<p>[et_pb_section fb_built=&#8221;1&#8243; custom_padding_last_edited=&#8221;on|phone&#8221; _builder_version=&#8221;4.24.0&#8243; _module_preset=&#8221;default&#8221; custom_padding_tablet=&#8221;&#8221; custom_padding_phone=&#8221;0px||||false|false&#8221; global_colors_info=&#8221;{}&#8221;][et_pb_row _builder_version=&#8221;4.24.0&#8243; _module_preset=&#8221;default&#8221; max_width=&#8221;650px&#8221; custom_padding=&#8221;||||false|false&#8221; global_colors_info=&#8221;{}&#8221;][et_pb_column type=&#8221;4_4&#8243; _builder_version=&#8221;4.24.0&#8243; _module_preset=&#8221;default&#8221; global_colors_info=&#8221;{}&#8221;][et_pb_heading title=&#8221;Henry van de Velde &#8211; Painter, architect, designer and art reformer&#8221; _builder_version=&#8221;4.24.0&#8243; _module_preset=&#8221;default&#8221; global_colors_info=&#8221;{}&#8221;][/et_pb_heading][et_pb_code _builder_version=&#8221;4.24.0&#8243; _module_preset=&#8221;default&#8221; global_colors_info=&#8221;{}&#8221;][gspeech type=&#8221;button&#8221;][/et_pb_code][et_pb_image src=&#8221;https://haus-schulenburg-gera.de/wp-content/uploads/2024/10/Sprachhinweis3.png&#8221; title_text=&#8221;Language note&#8221; _builder_version=&#8221;4.24.0&#8243; _module_preset=&#8221;default&#8221; global_colors_info=&#8221;{}&#8221;][/et_pb_image][et_pb_text _builder_version=&#8221;4.27.3&#8243; _module_preset=&#8221;default&#8221; header_font_size=&#8221;26px&#8221; hover_enabled=&#8221;0&#8243; global_colors_info=&#8221;{}&#8221; sticky_enabled=&#8221;0&#8243;]</p>
<p>Henry van de Velde was born in Antwerp on 3 April 1863, the sixth child of a family of pharmacists. He studied painting in Antwerp and Paris from 1881 to 1885, where he came into contact with the Impressionists. He returned to Belgium in 1885 and turned to Neo-Impressionism from 1888. From 1890, he became involved with the Arts and Crafts movement in England and switched from painting to applied arts in 1892.  </p>
<p>[/et_pb_text][et_pb_button button_url=&#8221;#&#8221; button_text=&#8221;Read More&#8221; module_class=&#8221;readMoreButton&#8221; _builder_version=&#8221;4.24.0&#8243; _module_preset=&#8221;default&#8221; global_colors_info=&#8221;{}&#8221;][/et_pb_button][et_pb_text module_class=&#8221;readMoreContent&#8221; _builder_version=&#8221;4.24.0&#8243; _module_preset=&#8221;default&#8221; global_colors_info=&#8221;{}&#8221;]</p>
<p>In 1894, he married Maria Sèthe and created his first house and interior designs in 1895. In 1896 he designed six interiors for Samuel Bing&#8217;s Galerie L&#8217;Art Nouveau in Paris, in 1897 he took part in the International Art Exhibition in Dresden with his own designs and founded his own furniture company in Brussels in 1898 and in Berlin in 1899. He moved to Berlin with his family in 1900 and came to Weimar in 1902 on behalf of the Grand Duke. Here he worked as an architect and artistic advisor to the arts and crafts sector and founded the arts and crafts seminar, which was continued as a school of arts and crafts from 1906 and closed in 1915. In 1917, during the First World War, he was forced to leave Germany as an undesirable foreigner and moved to Switzerland. From 1919-26, Henry van de Velde worked as an architect and designer for the collector and patron couple Kröller-Müller in Holland, before founding the &#8220;Belgian Bauhaus&#8221; La Cambre in Brussels in 1926. In 1933, he created designs for passenger ships and railway carriages, including for the Belgian State Railway. In 1936, construction began on the Ghent University Library and in 1937 on the Kröller-Müller Museum in Otterlo based on van de Velde&#8217;s designs. In 1937, the Belgian Pavilion at the World Exhibition in Paris and in 1939 at the World Exhibition in New York were built according to his plans. In 1947, he moved back to Switzerland, from where he oversaw the completion of the Kröller-Müller Museum in 1954. Henry van de Velde died in Oberägeri on 25 October 1957, two days after completing his memoirs.          </p>
<p>[/et_pb_text][et_pb_button button_url=&#8221;#&#8221; button_text=&#8221;Read less&#8221; module_class=&#8221;readLessButton&#8221; _builder_version=&#8221;4.24.0&#8243; _module_preset=&#8221;default&#8221; global_colors_info=&#8221;{}&#8221;][/et_pb_button][/et_pb_column][/et_pb_row][et_pb_row custom_padding_last_edited=&#8221;on|desktop&#8221; _builder_version=&#8221;4.24.0&#8243; _module_preset=&#8221;default&#8221; width_tablet=&#8221;&#8221; width_phone=&#8221;90%&#8221; width_last_edited=&#8221;on|phone&#8221; custom_padding=&#8221;0px||0px||false|false&#8221; custom_padding_tablet=&#8221;0px||0px||false|false&#8221; custom_padding_phone=&#8221;0px||0px||false|false&#8221; locked=&#8221;off&#8221; global_colors_info=&#8221;{}&#8221;][et_pb_column type=&#8221;4_4&#8243; _builder_version=&#8221;4.24.0&#8243; _module_preset=&#8221;default&#8221; global_colors_info=&#8221;{}&#8221;][et_pb_code admin_label=&#8221;Code&#8221; _builder_version=&#8221;4.24.0&#8243; _module_preset=&#8221;default&#8221; hover_enabled=&#8221;0&#8243; global_colors_info=&#8221;{}&#8221; sticky_enabled=&#8221;0&#8243;] <!-- [et_pb_line_break_holder] -->[/et_pb_code][/et_pb_column][/et_pb_row][/et_pb_section]</p>
<div class="gsp_post_data" 
	            data-post_type="page" 
	            data-cat="" 
	            data-modified="120"
	            data-created="1730297885"
	            data-title="Henry van de Velde 1863 &#8211; 1957" 
	            data-home="https://haus-schulenburg-gera.de/en/"></div>
